{"id":3859,"date":"2024-06-05T08:54:10","date_gmt":"2024-06-05T08:54:10","guid":{"rendered":"https:\/\/redcompafeminista.org\/recursos\/de-la-escucha-a-la-palabra-el-aborto-como-derecho\/"},"modified":"2024-06-05T09:34:41","modified_gmt":"2024-06-05T09:34:41","slug":"de-la-escucha-a-la-palabra-el-aborto-como-derecho","status":"publish","type":"recursos","link":"https:\/\/redcompafeminista.org\/pt\/recursos\/de-la-escucha-a-la-palabra-el-aborto-como-derecho\/","title":{"rendered":"Do ouvir ao falar: o aborto como um direito"},"content":{"rendered":"","protected":false},"excerpt":{"rendered":"<p>O relat\u00f3rio apresenta os resultados do acompanhamento realizado pelo coletivo em 2020, dentro da estrutura do d\u00e9cimo anivers\u00e1rio do coletivo e reunindo li\u00e7\u00f5es e experi\u00eancias que nos permitem entender o acompanhamento como uma pr\u00e1tica pol\u00edtica transformadora.<\/p>","protected":false},"featured_media":3886,"template":"","meta":{"_acf_changed":true},"categoria-recurso":[32,33,34,65],"class_list":["post-3859","recursos","type-recursos","status-publish","has-post-thumbnail","hentry","categoria-recurso-aborto-seguro","categoria-recurso-acompanamiento-de-aborto","categoria-recurso-comunicacion","categoria-recurso-movimiento-feminista"],"acf":[],"_links":{"self":[{"href":"https:\/\/redcompafeminista.org\/pt\/wp-json\/wp\/v2\/recursos\/3859","targetHints":{"allow":["GET"]}}],"collection":[{"href":"https:\/\/redcompafeminista.org\/pt\/wp-json\/wp\/v2\/recursos"}],"about":[{"href":"https:\/\/redcompafeminista.org\/pt\/wp-json\/wp\/v2\/types\/recursos"}],"wp:featuredmedia":[{"embeddable":true,"href":"https:\/\/redcompafeminista.org\/pt\/wp-json\/wp\/v2\/media\/3886"}],"wp:attachment":[{"href":"https:\/\/redcompafeminista.org\/pt\/wp-json\/wp\/v2\/media?parent=3859"}],"wp:term":[{"taxonomy":"categoria-recurso","embeddable":true,"href":"https:\/\/redcompafeminista.org\/pt\/wp-json\/wp\/v2\/categoria-recurso?post=3859"}],"curies":[{"name":"wp","href":"https:\/\/api.w.org\/{rel}","templated":true}]}}

<p>O relatório apresenta os resultados do acompanhamento realizado pelo coletivo em 2020, dentro da estrutura do décimo aniversário do coletivo e reunindo lições e experiências que nos permitem entender o acompanhamento como uma prática política transformadora.</p>
