{"id":3671,"date":"2024-03-18T17:17:54","date_gmt":"2024-03-18T17:17:54","guid":{"rendered":"https:\/\/redcompafeminista.org\/?post_type=recursos&#038;p=3671"},"modified":"2024-06-06T17:23:19","modified_gmt":"2024-06-06T17:23:19","slug":"la-legitimidad-de-abortar","status":"publish","type":"recursos","link":"https:\/\/redcompafeminista.org\/pt\/recursos\/la-legitimidad-de-abortar\/","title":{"rendered":"A legitimidade do aborto"},"content":{"rendered":"","protected":false},"excerpt":{"rendered":"<p>O artigo descreve o surgimento de novos lugares de enuncia\u00e7\u00e3o e posicionamento subjetivo para entender a experi\u00eancia social do aborto e sua import\u00e2ncia nas transforma\u00e7\u00f5es culturais envolvidas no processo de legitima\u00e7\u00e3o.<\/p>","protected":false},"featured_media":3575,"template":"","meta":{"_acf_changed":true},"categoria-recurso":[36,69,40,42],"class_list":["post-3671","recursos","type-recursos","status-publish","has-post-thumbnail","hentry","categoria-recurso-aborto-legal","categoria-recurso-activismo","categoria-recurso-derecho-al-aborto","categoria-recurso-despenalizacion-social"],"acf":[],"_links":{"self":[{"href":"https:\/\/redcompafeminista.org\/pt\/wp-json\/wp\/v2\/recursos\/3671","targetHints":{"allow":["GET"]}}],"collection":[{"href":"https:\/\/redcompafeminista.org\/pt\/wp-json\/wp\/v2\/recursos"}],"about":[{"href":"https:\/\/redcompafeminista.org\/pt\/wp-json\/wp\/v2\/types\/recursos"}],"wp:featuredmedia":[{"embeddable":true,"href":"https:\/\/redcompafeminista.org\/pt\/wp-json\/wp\/v2\/media\/3575"}],"wp:attachment":[{"href":"https:\/\/redcompafeminista.org\/pt\/wp-json\/wp\/v2\/media?parent=3671"}],"wp:term":[{"taxonomy":"categoria-recurso","embeddable":true,"href":"https:\/\/redcompafeminista.org\/pt\/wp-json\/wp\/v2\/categoria-recurso?post=3671"}],"curies":[{"name":"wp","href":"https:\/\/api.w.org\/{rel}","templated":true}]}}

<p>O artigo descreve o surgimento de novos lugares de enunciação e posicionamento subjetivo para entender a experiência social do aborto e sua importância nas transformações culturais envolvidas no processo de legitimação.</p>
