{"id":3622,"date":"2024-02-26T14:21:22","date_gmt":"2024-02-26T14:21:22","guid":{"rendered":"https:\/\/redcompafeminista.org\/?post_type=recursos&#038;p=3622"},"modified":"2024-04-25T19:32:08","modified_gmt":"2024-04-25T19:32:08","slug":"abortos-en-la-patagonia-una-indagacion-sobre-los-acompanamientos-socorristas-de-la-region","status":"publish","type":"recursos","link":"https:\/\/redcompafeminista.org\/pt\/recursos\/abortos-en-la-patagonia-una-indagacion-sobre-los-acompanamientos-socorristas-de-la-region\/","title":{"rendered":"Abortos na Patag\u00f4nia. Uma pesquisa sobre o acompanhamento de socorristas na regi\u00e3o.\u00a0"},"content":{"rendered":"","protected":false},"excerpt":{"rendered":"<p>Este artigo examina v\u00e1rios aspectos dos primeiros socorros. Por um lado, com base em uma revis\u00e3o da literatura especializada, ele descreve a organiza\u00e7\u00e3o do sistema de acompanhamento de abortos. Por outro lado, \u00e9 realizada uma an\u00e1lise quantitativa dos abortos acompanhados por socorristas em vermelho (feministas que abortam) na Patag\u00f4nia durante o primeiro semestre de 2020.<\/p>","protected":false},"featured_media":3627,"template":"","meta":{"_acf_changed":false},"categoria-recurso":[32,69,40,42,65],"class_list":["post-3622","recursos","type-recursos","status-publish","has-post-thumbnail","hentry","categoria-recurso-aborto-seguro","categoria-recurso-activismo","categoria-recurso-derecho-al-aborto","categoria-recurso-despenalizacion-social","categoria-recurso-movimiento-feminista"],"acf":[],"_links":{"self":[{"href":"https:\/\/redcompafeminista.org\/pt\/wp-json\/wp\/v2\/recursos\/3622","targetHints":{"allow":["GET"]}}],"collection":[{"href":"https:\/\/redcompafeminista.org\/pt\/wp-json\/wp\/v2\/recursos"}],"about":[{"href":"https:\/\/redcompafeminista.org\/pt\/wp-json\/wp\/v2\/types\/recursos"}],"wp:featuredmedia":[{"embeddable":true,"href":"https:\/\/redcompafeminista.org\/pt\/wp-json\/wp\/v2\/media\/3627"}],"wp:attachment":[{"href":"https:\/\/redcompafeminista.org\/pt\/wp-json\/wp\/v2\/media?parent=3622"}],"wp:term":[{"taxonomy":"categoria-recurso","embeddable":true,"href":"https:\/\/redcompafeminista.org\/pt\/wp-json\/wp\/v2\/categoria-recurso?post=3622"}],"curies":[{"name":"wp","href":"https:\/\/api.w.org\/{rel}","templated":true}]}}

Abortos na Patagônia. Uma pesquisa sobre o acompanhamento de socorristas na região.

<p>Este artigo examina vários aspectos dos primeiros socorros. Por um lado, com base em uma revisão da literatura especializada, ele descreve a organização do sistema de acompanhamento de abortos. Por outro lado, é realizada uma análise quantitativa dos abortos acompanhados por socorristas em vermelho (feministas que abortam) na Patagônia durante o primeiro semestre de 2020.</p>
