{"id":3558,"date":"2024-02-24T20:42:21","date_gmt":"2024-02-24T20:42:21","guid":{"rendered":"https:\/\/redcompafeminista.org\/recursos\/un-aborto-feminista-es-un-aborto-cuidado-practicas-de-cuidado-en-el-socorrismo-patagonico\/"},"modified":"2024-04-25T19:25:55","modified_gmt":"2024-04-25T19:25:55","slug":"un-aborto-feminista-es-un-aborto-cuidado-practicas-de-cuidado-en-el-socorrismo-patagonico","status":"publish","type":"recursos","link":"https:\/\/redcompafeminista.org\/pt\/recursos\/un-aborto-feminista-es-un-aborto-cuidado-practicas-de-cuidado-en-el-socorrismo-patagonico\/","title":{"rendered":"Um aborto feminista \u00e9 um aborto cuidadoso. Pr\u00e1ticas de cuidado em salva-vidas da Patag\u00f4nia"},"content":{"rendered":"","protected":false},"excerpt":{"rendered":"<p>El  art\u00edculo  enuncia y describe  las  nociones  de  cuidado de la salud de las mujeres que desarrollan las socorristas de dos provincias patag\u00f3nicas, R\u00edo Negro y Neuqu\u00e9n. Se analiza este entramado de pr\u00e1cticas colectivas que tensionan las nociones tradicionales de cuidado.<\/p>","protected":false},"featured_media":3584,"template":"","meta":{"_acf_changed":true},"categoria-recurso":[32,33,69,65],"class_list":["post-3558","recursos","type-recursos","status-publish","has-post-thumbnail","hentry","categoria-recurso-aborto-seguro","categoria-recurso-acompanamiento-de-aborto","categoria-recurso-activismo","categoria-recurso-movimiento-feminista"],"acf":[],"_links":{"self":[{"href":"https:\/\/redcompafeminista.org\/pt\/wp-json\/wp\/v2\/recursos\/3558","targetHints":{"allow":["GET"]}}],"collection":[{"href":"https:\/\/redcompafeminista.org\/pt\/wp-json\/wp\/v2\/recursos"}],"about":[{"href":"https:\/\/redcompafeminista.org\/pt\/wp-json\/wp\/v2\/types\/recursos"}],"wp:featuredmedia":[{"embeddable":true,"href":"https:\/\/redcompafeminista.org\/pt\/wp-json\/wp\/v2\/media\/3584"}],"wp:attachment":[{"href":"https:\/\/redcompafeminista.org\/pt\/wp-json\/wp\/v2\/media?parent=3558"}],"wp:term":[{"taxonomy":"categoria-recurso","embeddable":true,"href":"https:\/\/redcompafeminista.org\/pt\/wp-json\/wp\/v2\/categoria-recurso?post=3558"}],"curies":[{"name":"wp","href":"https:\/\/api.w.org\/{rel}","templated":true}]}}

Um aborto feminista é um aborto cuidadoso. Práticas de cuidado em salva-vidas da Patagônia

<p>El  artículo  enuncia y describe  las  nociones  de  cuidado de la salud de las mujeres que desarrollan las socorristas de dos provincias patagónicas, Río Negro y Neuquén. Se analiza este entramado de prácticas colectivas que tensionan las nociones tradicionales de cuidado.</p>
